common factor of 75250 and 49063?
301
Calculate the greatest common divisor of 138 and 10189.
23
Calculate the greatest common factor of 131019 and 102.
51
Calculate the greatest common divisor of 14 and 31094.
14
What is the greatest common factor of 7474 and 148?
74
Calculate the highest common divisor of 16074 and 5040.
18
What is the highest common divisor of 272 and 19472?
16
Calculate the greatest common divisor of 6201 and 25623.
117
Calculate the greatest common divisor of 95 and 2032145.
95
What is the greatest common factor of 54 and 1267137?
27
Calculate the greatest common divisor of 15 and 162000.
15
What is the highest common factor of 151 and 199169?
151
What is the greatest common divisor of 2452 and 189?
1
Calculate the greatest common factor of 391 and 102281.
23
What is the highest common divisor of 123223 and 447?
149
What is the greatest common divisor of 10932 and 252?
12
Calculate the highest common divisor of 44 and 99092.
4
What is the highest common factor of 1023 and 839604?
93
What is the greatest common divisor of 10025 and 13200?
25
Calculate the greatest common factor of 6486 and 4747.
47
What is the highest common divisor of 2176 and 238?
34
What is the greatest common divisor of 390 and 9915?
15
What is the highest common factor of 243 and 168399?
243
What is the greatest common divisor of 5200 and 1022320?
1040
What is the highest common divisor of 46584 and 396?
36
What is the highest common factor of 7245 and 121785?
345
What is the greatest common factor of 25500 and 2120?
20
What is the highest common divisor of 12 and 59838?
6
What is the highest common factor of 2245 and 31?
1
Calculate the greatest common divisor of 63 and 86856.
21
What is the highest common divisor of 54303 and 18009?
69
Calculate the highest common divisor of 124 and 117428.
124
Calculate the highest common factor of 486 and 4644.
54
Calculate the highest common factor of 24 and 7356.
12
Calculate the greatest common factor of 133903 and 11137.
259
What is the greatest common divisor of 1 and 15258?
1
Calculate the highest common divisor of 96 and 1839.
3
What is the highest common divisor of 1624919 and 236?
59
Calculate the highest common divisor of 3585 and 4890.
15
What is the highest common factor of 918225 and 252?
63
What is the highest common factor of 21087 and 129646?
781
Calculate the greatest common divisor of 255966 and 222.
222
What is the highest common factor of 8025 and 150?
75
What is the highest common factor of 68524 and 148?
148
Calculate the highest common factor of 7751 and 27971.
337
Calculate the highest common divisor of 1721 and 9305447.
1721
Calculate the highest common divisor of 1820 and 67270.
70
Calculate the highest common divisor of 459 and 2584.
17
Calculate the greatest common factor of 2655 and 12095.
295
What is the highest common factor of 48 and 666?
6
Calculate the greatest common factor of 59596 and 21526.
94
What is the highest common divisor of 1640 and 126649?
41
Calculate the greatest common factor of 72 and 31896.
72
Calculate the highest common divisor of 127 and 1463929.
127
What is the highest common divisor of 2700 and 60440?
20
Calculate the greatest common factor of 22197 and 28.
7
What is the greatest common divisor of 6705248 and 176?
176
What is the highest common divisor of 280471 and 1441?
131
What is the highest common divisor of 15930 and 12?
6
Calculate the highest common divisor of 1584 and 29502.
198
Calculate the highest common factor of 57 and 113107.
19
Calculate the highest common factor of 36 and 297852.
12
Calculate the highest common factor of 6175 and 1539.
19
Calculate the highest common divisor of 779 and 19247.
19
Calculate the greatest common factor of 2583 and 761247.
369
Calculate the greatest common divisor of 1254 and 11099154.
1254
Calculate the greatest common factor of 248 and 89962.
62
What is the highest common factor of 10106 and 434?
62
Calculate the greatest common divisor of 38284 and 1564.
68
What is the highest common divisor of 157521 and 195?
39
Calculate the greatest common factor of 506040 and 1320.
120
Calculate the greatest common divisor of 11990 and 13255.
55
What is the highest common divisor of 506820 and 60?
60
What is the greatest common divisor of 2675 and 2175?
25
Calculate the highest common factor of 5655309 and 759.
759
Calculate the greatest common factor of 2199 and 69.
3
What is the highest common divisor of 620737 and 65?
13
Calculate the greatest common divisor of 97276 and 166.
166
What is the greatest common factor of 9 and 8889?
3
What is the highest common divisor of 340 and 10370?
170
What is the greatest common factor of 254136 and 240?
24
What is the greatest common factor of 7201 and 10233?
379
Calculate the highest common factor of 117 and 32201.
13
Calculate the greatest common factor of 116676 and 2268.
252
Calculate the highest common factor of 1023 and 2409.
33
Calculate the greatest common factor of 37980 and 495.
45
Calculate the highest common factor of 2310 and 215490.
330
What is the greatest common factor of 3984 and 971100?
996
What is the highest common factor of 120131 and 36113?
737
What is the highest common divisor of 192 and 73536?
192
Calculate the highest common factor of 434 and 137550.
14
Calculate the greatest common factor of 4161 and 3.
3
Calculate the highest common divisor of 69565 and 1.
1
What is the highest common divisor of 28478 and 29?
29
Calculate the greatest common divisor of 7446 and 48.
6
Calculate the greatest common factor of 431 and 160763.
431
Calculate the highest common factor of 29572 and 116.
4
What is the greatest common factor of 20556 and 228?
12
Calculate the greatest common factor of 420 and 1092756.
84
What is the greatest common divisor of 10856 and 322?
46
Calculate the highest common divisor of 4955 and 335.
5
Calculate the highest common divisor of 476 and 25760.
28
Calculate the greatest common divisor of 41534 and 247.
19
Calculate the greatest common divisor of 301 and 42656.
43
Calculate the highest common factor of 46 and 64331.
23
Calculate the greatest common factor of 329 and 1304485.
329
What is the highest common divisor of 272630 and 30?
10
Calculate the greatest common divisor of 9472 and 407888.
592
Calculate the greatest common factor of 1224 and 114648.
408
What is the greatest common divisor of 540 and 1413?
9
Calculate the greatest common factor of 62238 and 414.
138
What is the highest common factor of 898 and 6816718?
898
What is the highest common factor of 136287 and 114?
57
Calculate the greatest common divisor of 37909 and 18387.
227
Calculate the greatest common factor of 924389 and 62.
31
What is the highest common divisor of 28054 and 8?
2
Calculate the highest common divisor of 20 and 524770.
10
Calculate the greatest common factor of 1116643 and 22.
11
What is the greatest common divisor of 1763125 and 620?
155
Calculate the highest common factor of 180 and 1538820.
180
Calculate the highest common divisor of 14520 and 160.
40
Calculate the greatest common divisor of 248 and 3033040.
248
Calculate the highest common factor of 384 and 158016.
192
What is the greatest common factor of 25596 and 5832?
324
Calculate the greatest common factor of 66 and 124102.
22
What is the highest common divisor of 891 and 4488?
33
What is the greatest common factor of 3090 and 39964?
206
What is the greatest common factor of 472 and 39736?
8
Calculate the highest common factor of 5013 and 279.
9
What is the highest common factor of 220 and 695?
5
Calculate the highest common divisor of 14 and 228480.
14
Calculate the greatest common factor of 80 and 116960.
80
Calculate the greatest common divisor of 40 and 81215.
5
Calculate the highest common factor of 96941 and 26.
13
What is the greatest common divisor of 5514 and 366?
6
Calculate the highest common divisor of 188 and 15980.
188
Calculate the highest common divisor of 207 and 49059.
207
What is the greatest common factor of 896 and 29056?
128
What is the highest common factor of 16192 and 317216?
736
What is the highest common factor of 1225 and 7975?
25
Calculate the highest common factor of 1464 and 66063.
183
What is the highest common divisor of 1784 and 6?
2
What is the greatest common f